 is v(w)?
-1
Suppose 147 = 16*k - 13*k. Suppose k - 9 = -4*o. Let c be (-9 - o)*(-10)/(-1). Let w(v) = v - 9. Give w(c).
1
Let o be (-2)/4*(-119 + 119). Let z(x) = -3*x + 1. Let t be z(-1). Let y(h) = -h + h**2 - t*h**3 - h**3 + 6*h**3 + 14 - 37. Determine y(o).
-23
Let h(k) = k**2 - 2*k - 8. Suppose -13*p + 15*p = 4. Suppose -7*r = -3*r + v - 165, -5*r + 203 = -p*v. Let t = 47 - r. Determine h(t).
16
Let v(a) be the first derivative of a**4/4 - 5*a**3/3 - 6*a**2 + 25*a + 8506. What is v(6)?
-11
Let b(g) = 151*g + 30. Let t(v) = -26*v - 2. Let z(i) = b(i) + 6*t(i). Calculate z(2).
8
Let i = -324 - -333. Let w(x) = 2*x**2 - 12 - 5*x**2 - 8*x + 0*x. Let h(c) = -13*c**2 - 32*c - 49. Let s(l) = i*w(l) - 2*h(l). Give s(-7).
-3
Suppose 10*b = -5*l + 11*b - 37, 5*l + 4*b = -27. Let q(w) be the first derivative of w**3/3 + 7*w**2/2 + 6*w + 1. Calculate q(l).
6
Let c(i) = 0 - 72 - 4 - 15 + 2*i + 62. What is c(22)?
15
Let j = -218 - -238. Let m(p) = 5*p - 90. Calculate m(j).
10
Let u(p) = 5082 - 20281 + 3*p + 5082 + 5067 + 5070. Calculate u(-6).
2
Let z be (64/(-28))/(-1) - (-2)/(-7). Let v(y) = -5 - 4*y + 7 + 8*y - 5*y. Give v(z).
0
Let x(q) = -231*q**2 + 60*q**2 + q**3 + 73*q**2 - 51 - 25 + 58*q**2 - 39*q. What is x(41)?
6
Let u(m) be the third derivative of -2*m**5/15 + 53*m**4/24 - 13*m**3/3 + 3369*m**2. Calculate u(6).
4
Let k be 9/(-24)*(-248)/18 + (-40)/8. Let n(o) be the second derivative of 20*o + 0 + 3/2*o**2 - k*o**3. What is n(7)?
-4
Suppose -7086*y + 5 = -7087*y. Let b(h) = -h**2 - h + 1. Let a(c) = 5*c**2 + c - 11. Let m(f) = -a(f) - 6*b(f). Give m(y).
5
Let p(z) = -11*z - 124. Let y be (9 + -29)*(-18)/48*(-8)/5. Calculate p(y).
8
Let i(t) be the third derivative of t**5/60 - t**4/24 + t**3/2 + 190*t**2. Let g(x) = -x**2 + x. Let y be g(0). Determine i(y).
3
Let x(w) = -w + 5. Let d(c) = -3*c**3 - 8*c**2 + 168*c - 26. Let s be d(-9). What is x(s)?
4
Let j(f) = 9*f**2 - 14*f + 44. Let v(x) = 2*x**2 - 2*x + 8. Let r(p) = -j(p) + 4*v(p). Let m be 1 - (-8 + 4) - 0. Calculate r(m).
-7
Suppose -240 = j - 283. Suppose -91 - j = -h. Let o = 146 - h. Let x(i) = i**3 - 12*i**2 - i + 16. What is x(o)?
4
Suppose 0 = 2*i - i - 8. Let t = i - 10. Let f(a) = -7*a - 156 - a**3 + 4*a - 6*a**2 + 154 + 2*a**3 + 4*a**2. What is f(t)?
-12
Let n(y) be the first derivative of 1/2*y**2 + 97 - y - 1/4*y**4 - y**3. Give n(-2).
-7
Let y(d) = 4*d**3 + 11*d**2 + 13*d + 12. Let l(x) = -5*x**3 + x**2 + 1. Let m(v) = l(v) + y(v). What is m(13)?
13
Let u(i) be the second derivative of i**3/3 - 51*i**2/2 + 1781*i. Determine u(12).
-27
Let f(u) = 9328*u - 13*u**3 + 1 - 4663*u + 3*u**2 - 4668*u. Calculate f(2).
-97
Let k(l) be the second derivative of 5*l**3/3 - 23*l**2/2 - 9205*l. Give k(9).
67
Suppose 4*j = -2*y + 6*j + 24, y - 28 = 5*j. Let r be (-4)/y*(8 + -4). Let n(w) = w**3 + w**2 - 2. Determine n(r).
-6
Let n be (18/4)/((-12)/32). Let l(b) = 3*b**3 - 8*b**2 + 7*b - 11. Let a(f) = 4*f**3 - 7*f**2 + 9*f - 11. Let x(k) = -4*a(k) + 5*l(k). Give x(n).
1
Let k(m) = -m + 7 - m**3 + 4*m**2 - 2*m + 7*m. Suppose -2035*o = -2084*o + 245. Determine k(o).
2
Let w(l) = l + 1. Let b be (-282)/(-30) + (-10)/25. Suppose 7*c - b*c = 5*s + 25, 2*c = 3*s - 17. Determine w(c).
-9
Let o(m) = m + 5*m**2 - 1574*m**3 + 3*m + 2649 - 2636 + 1573*m**3. Suppose 0 = 3*q + 5*y - 3, 0*q = 2*q + 4*y. Calculate o(q).
1
Let a = -4304 + 4307. Let y(i) = 6*i - 2. Let u(w) = -5*w + 1. Let o(x) = -4*u(x) - 3*y(x). Calculate o(a).
8
Let k(n) = 2712 + 0*n**2 - 2684 + n**2 - 20*n. Calculate k(18).
-8
Let h(w) = 52*w - 1. Let q(n) = -313*n - 23. Let k(a) = -6*h(a) - q(a). Give k(-11).
18
Let f(u) be the first derivative of -27*u**2 + u - 4884. Determine f(-1).
55
Let v(n) = -n**3 - 21*n**2 + 24*n + 34. Suppose 5*k = -5*x - 105, -5*x = 2*k - 157 + 265. Give v(x).
-10
Let g(b) = -b**2 + 7. Suppose 71*t - 55*t = 256. Suppose -2*v + t*v = -42. Calculate g(v).
-2
Let t be ((-168)/(-21))/((-12)/(-15)). Suppose -28*b - 18 - t = 0. Let j(r) = -14*r**2 - 1. Calculate j(b).
-15
Let g(o) = 16*o**3 + 31*o**2 - 34*o - 101. Let n(f) = 9*f**3 + 15*f**2 - 17*f - 51. Let m(y) = -5*g(y) + 9*n(y). Give m(19).
8
Let g = -229 + 342. Let v = g - 115. Let s(n) be the third derivative of n**4/4 - n**3/3 + n**2. Give s(v).
-14
Let p = -3325 + 3329. Let m(s) = -s**3 + 6*s**2 - 10*s + 16. Determine m(p).
8
Let g = 23/842 - -199/421. Let m(y) be the first derivative of -g*y**2 + 1/3*y**3 + 25*y + 5. What is m(0)?
25
Let i(v) = -v**3 + 5*v**2 - 4*v + 37. Let x be i(5). Let b(z) = z - 13. Determine b(x).
4
Let j(o) = -14*o + 15. Let u(b) = 6*b - 7. Let s(a) = -2*j(a) - 5*u(a). Suppose -6*n + 8*n + 2*m = 22, -m - 2 = 0. Suppose -n*k = -11*k. Calculate s(k).
5
Let h be (4 - 0) + 1 + -12. Let w be (-26 + 5)*(30/(-9) - -3). Let u(g) = -9*g - w + 11 - g**2 - 4. What is u(h)?
14
Let h(b) = 2*b**3 + 37*b**2 + 17*b - 15. Let j be h(-18). Let u(g) = -g**3 + 3*g**2 + 4*g - 1. What is u(j)?
11
Let r(q) = q + 8*q**2 + 10 - q + q**3 + 9*q. Let s = -48945 + 48938. What is r(s)?
-4
Let i(u) = 3*u**2 - u. Let w(l) = 44*l**2 - 26*l - 25. Let v(t) = 13*i(t) - w(t). What is v(-2)?
-21
Let y(r) = -r + 1. Suppose 20*h - 16*h - 4 = 0. Let u(b) = 1. Let g(l) = h*y(l) + 5*u(l). Determine g(0).
6
Let p(o) be the third derivative of 0 - 3/8*o**4 + 4*o**2 - 5/6*o**3 + o - 1/60*o**5. Give p(-9).
-5
Let w(y) = y**3 - 7*y**2 + 15*y - 28. Let c be w(5). Let s be -2 + (-2 + c + 6 - -3). Let g(l) = -2*l - 3. Let o(a) = a. Let p(h) = g(h) + 6*o(h). What is p(s)?
5
Let f(b) = 25*b**2. Let d = -73 + 79. Suppose -9 = 2*p - 3*u + d, -4*p + 15 = 3*u. Suppose v - l + 2 = -p*v, 2*v - 3 = -5*l. Calculate f(v).
25
Let l(w) = w - w + 9*w + 7 + 4*w - 12*w. Calculate l(-10).
-3
Let x(a) = 4 - 5 + 0 + 2 + a. Suppose -48*f + 171 - 188 = -257. Calculate x(f).
6
Let g be 2/4 + (-99)/18. Let l = g - -12. Let s(p) = -p + 12 + 7 - 2. Give s(l).
10
Let h(p) = -126 + 2*p + 61 + 64. Suppose 5*c - 3*a = -46, 4*c + 192 = -5*a + 170. What is h(c)?
-17
Let u(h) = -3*h**2 - 12*h - 14*h - 4 + 34*h - 6*h + 18. What is u(0)?
14
Suppose -y = 5*t + 7, -t - 2*y + 3 = -1. Let b(d) = 1031*d - 46 + 44 - 1037*d. Determine b(t).
10
Let d(u) = u**3 - 3*u**2 - 6*u + 14. Let j = 3661 - 3658. Calculate d(j).
-4
Let p(q) = -2*q. Let f(h) be the second derivative of h**3/2 + 45*h**2/2 + 30*h. Let u be f(-14). Let k be 1/(0 + -1) + u. Determine p(k).
-4
Let b(f) = f - 26. Let r(l) = -l + 20. Let a(m) = -2*b(m) - 3*r(m). Let t(p) = p**2 + 9*p + 10. Let z be t(-8). Determine a(z).
-6
Let j(i) = 2*i + 37. Let h be j(-16). Let b(f) = 8*f - 8. Let w(o) = o - 1. Let k(n) = h*w(n) - b(n). Let t = -68 + 70. Give k(t).
-3
Let f(i) = -5*i + 37. Let a = 23356 + -23341. Calculate f(a).
-38
Suppose 5*v + 21 = 4*n, 17*n - 16*n = -2*v - 11. Let q(x) = -9*x - 5. What is q(v)?
40
Suppose 2*x + 5 + 9 = 4*z, 4*x - 5*z + 19 = 0. Suppose 6*d - 121 - 35 = 0. Let o(u) = -4 + 2 + 3 + d*u - 34*u. Determine o(x).
9
Let n(h) = h**3 + 7*h**2 + 2. Suppose 5*u = u + 12. Suppose -2*v = u - 7. Suppose p = -5 - v. What is n(p)?
2
Let p = 4736 + -4735. Let y(w) = 55*w**3 + w**2 - 2. What is y(p)?
54
Let o(z) = -z**2 + 15*z - 29. Let c be o(8). Let i = -23 + c. Let m(b) = -b**3 + 2*b**2 + 7*b - 6. Give m(i).
-10
Let d(j) = j**3 - 8*j**2 + 8*j - 12. Let v be 460/6*(-27)/(-15). Let o be (v/(-88) - 6/33)*-4. Give d(o).
-5
Let a(i) = i + 4. Let d(g) = g**3 + 10*g**2 + 10*g + 6. Let n be d(-9). Let s = 1 - n. Let x(v) = 3*v + 13. Let t(j) = s*x(j) - 11*a(j). Determine t(-7).
1
Let i(p) = -19*p**2 - 35*p + 1. Suppose -7*h - 4 = -3*f - 2*f, -h + 6 = -4*f. Give i(h).
-5
Let q(o) = -o**3 + 2*o**2 + 4*o + 3. Let t be (-1)/(-2)*688/(16 + -8). Let l = 45 - t. Let h be ((-4)/(-3))/(l/(-12)*-2). Give q(h).
-13
Let y(t) = t - 7. Let b be ((-24)/60 - 249/15)*3. Suppose c + 0*c + 54 = d, -4*c + 306 = 5*d. Let g = d + b. What is y(g)?
0
Let l(j) = -j**3 - j**2 + 4. Suppose -26*x + 20 = -30*x. Let u be x - (24 - 25)*(-1 + 3). Give l(u).
22
Let z(n) be the third derivative of n**4/24 + 5*n**3/2 + n**2. Let b = -797 - -797. Let r(q) = -q**3 + 11*q - 12. Let c be r(b). Give z(c).
3
Let s(g) be the second derivative of -g**6/360 - 7*g**5/120 - g**4/4 - 34*g**3/3 - 2*g + 73. Let k(v) be the second derivative of s(v). Give k(-4).
6
Let n(j) be the third derivative of -j